alculate the remainder when 8044 is divided by 2677.
13
Calculate the remainder when 565 is divided by 95.
90
Calculate the remainder when 19199 is divided by 80.
79
What is the remainder when 2253 is divided by 24?
21
What is the remainder when 5461 is divided by 33?
16
What is the remainder when 463 is divided by 107?
35
What is the remainder when 827 is divided by 224?
155
What is the remainder when 166 is divided by 57?
52
What is the remainder when 610 is divided by 86?
8
What is the remainder when 670 is divided by 197?
79
Calculate the remainder when 397 is divided by 165.
67
Calculate the remainder when 33 is divided by 13.
7
Calculate the remainder when 499 is divided by 105.
79
What is the remainder when 119 is divided by 39?
2
Calculate the remainder when 97 is divided by 4.
1
Calculate the remainder when 199 is divided by 97.
5
What is the remainder when 2052 is divided by 191?
142
What is the remainder when 1129 is divided by 384?
361
Calculate the remainder when 243 is divided by 211.
32
Calculate the remainder when 1951 is divided by 39.
1
Calculate the remainder when 112 is divided by 41.
30
Calculate the remainder when 1606 is divided by 24.
22
What is the remainder when 691 is divided by 302?
87
Calculate the remainder when 384 is divided by 193.
191
Calculate the remainder when 1389 is divided by 12.
9
What is the remainder when 496 is divided by 6?
4
What is the remainder when 284 is divided by 15?
14
What is the remainder when 109 is divided by 4?
1
Calculate the remainder when 1247 is divided by 104.
103
What is the remainder when 1830 is divided by 152?
6
What is the remainder when 1609 is divided by 23?
22
Calculate the remainder when 401 is divided by 15.
11
Calculate the remainder when 258 is divided by 40.
18
Calculate the remainder when 300 is divided by 151.
149
What is the remainder when 465 is divided by 162?
141
What is the remainder when 1927 is divided by 28?
23
What is the remainder when 70 is divided by 24?
22
What is the remainder when 434 is divided by 54?
2
What is the remainder when 384 is divided by 130?
124
What is the remainder when 77 is divided by 41?
36
Calculate the remainder when 8757 is divided by 40.
37
Calculate the remainder when 137 is divided by 10.
7
What is the remainder when 130 is divided by 88?
42
Calculate the remainder when 34 is divided by 9.
7
Calculate the remainder when 5618 is divided by 117.
2
What is the remainder when 467 is divided by 6?
5
What is the remainder when 84 is divided by 27?
3
What is the remainder when 49 is divided by 23?
3
What is the remainder when 182 is divided by 59?
5
What is the remainder when 251 is divided by 65?
56
Calculate the remainder when 271 is divided by 68.
67
What is the remainder when 24 is divided by 4?
0
What is the remainder when 74158 is divided by 16?
14
Calculate the remainder when 1476 is divided by 20.
16
Calculate the remainder when 945 is divided by 94.
5
Calculate the remainder when 935 is divided by 232.
7
Calculate the remainder when 156 is divided by 32.
28
What is the remainder when 965 is divided by 63?
20
What is the remainder when 3695 is divided by 408?
23
What is the remainder when 95 is divided by 7?
4
What is the remainder when 25 is divided by 6?
1
Calculate the remainder when 1376 is divided by 21.
11
What is the remainder when 368 is divided by 53?
50
Calculate the remainder when 405 is divided by 11.
9
Calculate the remainder when 3548 is divided by 85.
63
Calculate the remainder when 434 is divided by 142.
8
Calculate the remainder when 522 is divided by 288.
234
What is the remainder when 10077 is divided by 30?
27
What is the remainder when 722 is divided by 56?
50
Calculate the remainder when 1296 is divided by 69.
54
What is the remainder when 21 is divided by 11?
10
Calculate the remainder when 415 is divided by 30.
25
Calculate the remainder when 1441 is divided by 145.
136
What is the remainder when 805 is divided by 14?
7
Calculate the remainder when 125 is divided by 43.
39
What is the remainder when 7 is divided by 5?
2
What is the remainder when 800 is divided by 217?
149
Calculate the remainder when 951 is divided by 18.
15
What is the remainder when 1119 is divided by 126?
111
What is the remainder when 1447 is divided by 481?
4
Calculate the remainder when 149 is divided by 52.
45
What is the remainder when 1004 is divided by 495?
14
What is the remainder when 764 is divided by 93?
20
Calculate the remainder when 2939 is divided by 15.
14
Calculate the remainder when 1021 is divided by 103.
94
What is the remainder when 71 is divided by 12?
11
What is the remainder when 979 is divided by 49?
48
Calculate the remainder when 2068 is divided by 90.
88
What is the remainder when 252 is divided by 55?
32
What is the remainder when 116 is divided by 35?
11
What is the remainder when 268 is divided by 37?
9
Calculate the remainder when 1726 is divided by 11.
10
What is the remainder when 306 is divided by 26?
20
Calculate the remainder when 1538 is divided by 95.
18
What is the remainder when 340 is divided by 115?
110
What is the remainder when 2123 is divided by 704?
11
Calculate the remainder when 496 is divided by 59.
24
Calculate the remainder when 550 is divided by 67.
14
Calculate the remainder when 4742 is divided by 1578.
8
What is the remainder when 1676 is divided by 333?
11
Calculate the remainder when 895 is divided by 14.
13
Calculate the remainder when 1105 is divided by 185.
180
What is the remainder when 3107 is divided by 1031?
14
Calculate the remainder when 7 is divided by 4.
3
Calculate the remainder when 630 is divided by 46.
32
Calculate the remainder when 70 is divided by 40.
30
Calculate the remainder when 795 is divided by 7.
4
Calculate the remainder when 230 is divided by 34.
26
What is the remainder when 176 is divided by 20?
16
What is the remainder when 3104 is divided by 69?
68
What is the remainder when 348 is divided by 35?
33
What is the remainder when 470 is divided by 122?
104
Calculate the remainder when 274 is divided by 81.
31
What is the remainder when 2105 is divided by 68?
65
Calculate the remainder when 1227 is divided by 72.
3
What is the remainder when 6915 is divided by 1383?
0
Calculate the remainder when 756 is divided by 10.
6
Calculate the remainder when 76 is divided by 52.
24
Calculate the remainder when 10321 is divided by 13.
12
What is the remainder when 823 is divided by 165?
163
Calculate the remainder when 95 is divided by 34.
27
Calculate the remainder when 114 is divided by 23.
22
Calculate the remainder when 1038 is divided by 52.
50
Calculate the remainder when 222 is divided by 36.
6
Calculate the remainder when 575 is divided by 62.
17
What is the remainder when 258 is divided by 4?
2
What is the remainder when 1037 is divided by 340?
17
Calculate the remainder when 832 is divided by 404.
24
What is the remainder when 1662 is divided by 118?
10
Calculate the remainder when 28 is divided by 18.
10
Calculate the remainder when 686 is divided by 223.
17
Calculate the remainder when 975 is divided by 202.
167
What is the remainder when 246 is divided by 46?
16
What is the remainder when 299 is divided by 24?
11
Calculate the remainder when 107 is divided by 32.
11
Calculate the remainder when 425 is divided by 184.
57
Calculate the remainder when 84 is divided by 20.
4
Calculate the remainder when 2188 is divided by 23.
3
What is the remainder when 305 is divided by 3?
2
Calculate the remainder when 125 is divided by 30.
5
What is the remainder when 2548 is divided by 10?
8
What is the remainder when 2626 is divided by 60?
46
What is the remainder when 207 is divided by 61?
24
Calculate the remainder when 379 is divided by 64.
59
Calculate the remainder when 125 is divided by 58.
9
Calculate the remainder when 2 is divided by 2.
0
Calculate the remainder when 80 is divided by 21.
17
What is the remainder when 995 is divided by 334?
327
Calculate the remainder when 11727 is divided by 85.
82
What is the remainder when 159 is divided by 32?
31
Calculate the remainder when 3499 is divided by 9.
7
What is the remainder when 180 is divided by 38?
28
Calculate the remainder when 40 is divided by 16.
8
Calculate the remainder when 537 is divided by 2